{"id":332785,"date":"2024-03-01T19:07:57","date_gmt":"2024-03-01T18:07:57","guid":{"rendered":"https:\/\/gajostest.a2hosted.com\/eshop\/eurofort-s5-src-cizmy\/"},"modified":"2026-05-07T21:16:45","modified_gmt":"2026-05-07T19:16:45","slug":"eurofort-s5-src-cizmy","status":"publish","type":"product","link":"https:\/\/gajos.sk\/eshop\/p\/eurofort-s5-src-cizmy\/","title":{"rendered":"EUROFORT S5 SRC \u010di\u017emy"},"content":{"rendered":"","protected":false},"excerpt":{"rendered":"<p>Antistatick\u00e9 vysok\u00e9 bezpe\u010dnostn\u00e9 \u010di\u017emy z\u00a0PVC a\u00a0nitrilu s\u00a0oce\u013eovou tu\u017einkou a\u00a0antikoroznou stielkou. Ur\u010den\u00e9 na\u00a0ochranu pred vodou, ne\u010distotami, stla\u010den\u00edm a\u00a0prepichnut\u00edm. Antistatick\u00e1 podo\u0161va, rezistentn\u00e1 vo\u010di kyselin\u00e1m, olejom, pohonn\u00fdm l\u00e1tkam a\u00a0tukom. V\u00fd\u0161ka cca 38\u2009cm, v\u00e1ha cca 2,5\u2009kg.<\/p>\n","protected":false},"featured_media":332787,"template":"","meta":{"_acf_changed":false,"inline_featured_image":false},"product_brand":[],"product_cat":[2142,2159],"product_tag":[1179],"class_list":{"0":"post-332785","1":"product","2":"type-product","3":"status-publish","4":"has-post-thumbnail","6":"product_cat-obuv","7":"product_cat-obuv-do-dazda-vysoka","8":"product_tag-cerva","9":"pa_farba-zlta","10":"pa_farba-cierna","11":"pa_velkost-3121","12":"pa_velkost-3110","13":"pa_velkost-3123","14":"pa_velkost-3111","15":"pa_velkost-3124","16":"pa_velkost-3112","17":"pa_velkost-3113","18":"pa_velkost-3114","19":"pa_velkost-3115","20":"pa_velkost-3116","21":"pa_velkost-3117","22":"pa_velkost-3118","23":"pa_velkost-3119","24":"pa_velkost-3109","26":"first","27":"instock","28":"taxable","29":"shipping-taxable","30":"purchasable","31":"product-type-variable"},"acf":[],"_links":{"self":[{"href":"https:\/\/gajos.sk\/eshop\/wp-json\/wp\/v2\/product\/332785","targetHints":{"allow":["GET"]}}],"collection":[{"href":"https:\/\/gajos.sk\/eshop\/wp-json\/wp\/v2\/product"}],"about":[{"href":"https:\/\/gajos.sk\/eshop\/wp-json\/wp\/v2\/types\/product"}],"wp:featuredmedia":[{"embeddable":true,"href":"https:\/\/gajos.sk\/eshop\/wp-json\/wp\/v2\/media\/332787"}],"wp:attachment":[{"href":"https:\/\/gajos.sk\/eshop\/wp-json\/wp\/v2\/media?parent=332785"}],"wp:term":[{"taxonomy":"product_brand","embeddable":true,"href":"https:\/\/gajos.sk\/eshop\/wp-json\/wp\/v2\/product_brand?post=332785"},{"taxonomy":"product_cat","embeddable":true,"href":"https:\/\/gajos.sk\/eshop\/wp-json\/wp\/v2\/product_cat?post=332785"},{"taxonomy":"product_tag","embeddable":true,"href":"https:\/\/gajos.sk\/eshop\/wp-json\/wp\/v2\/product_tag?post=332785"}],"curies":[{"name":"wp","href":"https:\/\/api.w.org\/{rel}","templated":true}]}}