{"id":332739,"date":"2024-03-01T19:07:38","date_gmt":"2024-03-01T18:07:38","guid":{"rendered":"https:\/\/gajostest.a2hosted.com\/eshop\/kraken-6187-cizmy\/"},"modified":"2026-05-07T21:16:45","modified_gmt":"2026-05-07T19:16:45","slug":"kraken-6187-cizmy","status":"publish","type":"product","link":"https:\/\/gajos.sk\/eshop\/p\/kraken-6187-cizmy\/","title":{"rendered":"KRAKEN 6187 \u010di\u017emy"},"content":{"rendered":"","protected":false},"excerpt":{"rendered":"<p>Vysok\u00e9 pracovn\u00e9 gumov\u00e9 \u010di\u017emy s proti\u0161mykovou podo\u0161vou odolnou olejom. Jednoduch\u00e1 \u00fadr\u017eba, plne vodeodoln\u00e9. Vyroben\u00e9 z materi\u00e1lov najvy\u0161\u0161ej kvality. V\u00fd\u0161ka 37 cm.<\/p>\n","protected":false},"featured_media":332741,"template":"","meta":{"_acf_changed":false,"inline_featured_image":false},"product_brand":[],"product_cat":[2142,2159],"product_tag":[1179],"class_list":{"0":"post-332739","1":"product","2":"type-product","3":"status-publish","4":"has-post-thumbnail","6":"product_cat-obuv","7":"product_cat-obuv-do-dazda-vysoka","8":"product_tag-cerva","9":"pa_farba-cierna","10":"pa_velkost-3110","11":"pa_velkost-3121","12":"pa_velkost-3111","13":"pa_velkost-3112","14":"pa_velkost-3113","15":"pa_velkost-3114","16":"pa_velkost-3115","17":"pa_velkost-3116","18":"pa_velkost-3117","19":"pa_velkost-3118","20":"pa_velkost-3119","21":"pa_velkost-3109","22":"pa_velkost-3120","24":"first","25":"instock","26":"taxable","27":"shipping-taxable","28":"purchasable","29":"product-type-variable"},"acf":[],"_links":{"self":[{"href":"https:\/\/gajos.sk\/eshop\/wp-json\/wp\/v2\/product\/332739","targetHints":{"allow":["GET"]}}],"collection":[{"href":"https:\/\/gajos.sk\/eshop\/wp-json\/wp\/v2\/product"}],"about":[{"href":"https:\/\/gajos.sk\/eshop\/wp-json\/wp\/v2\/types\/product"}],"wp:featuredmedia":[{"embeddable":true,"href":"https:\/\/gajos.sk\/eshop\/wp-json\/wp\/v2\/media\/332741"}],"wp:attachment":[{"href":"https:\/\/gajos.sk\/eshop\/wp-json\/wp\/v2\/media?parent=332739"}],"wp:term":[{"taxonomy":"product_brand","embeddable":true,"href":"https:\/\/gajos.sk\/eshop\/wp-json\/wp\/v2\/product_brand?post=332739"},{"taxonomy":"product_cat","embeddable":true,"href":"https:\/\/gajos.sk\/eshop\/wp-json\/wp\/v2\/product_cat?post=332739"},{"taxonomy":"product_tag","embeddable":true,"href":"https:\/\/gajos.sk\/eshop\/wp-json\/wp\/v2\/product_tag?post=332739"}],"curies":[{"name":"wp","href":"https:\/\/api.w.org\/{rel}","templated":true}]}}