{"id":332432,"date":"2024-03-01T19:03:59","date_gmt":"2024-03-01T18:03:59","guid":{"rendered":"https:\/\/gajostest.a2hosted.com\/eshop\/raven-xt-mf-s1p-src-sandale\/"},"modified":"2026-05-07T21:14:31","modified_gmt":"2026-05-07T19:14:31","slug":"raven-xt-mf-s1p-src-sandale","status":"publish","type":"product","link":"https:\/\/gajos.sk\/eshop\/p\/raven-xt-mf-s1p-src-sandale\/","title":{"rendered":"RAVEN XT MF S1P SRC sand\u00e1le"},"content":{"rendered":"","protected":false},"excerpt":{"rendered":"<p>Bezpe\u010dnostn\u00e9 sand\u00e1le s nekovovou tu\u017einkou a kompozitnou stielkou proti prepichnutiu, PU \/ PU proti\u0161mykovou podo\u0161vou odolnou proti pohonn\u00fdm hmot\u00e1m s absorpciou energie v p\u00e4te. Obuv bez kovov\u00fdch s\u00fa\u010dast\u00ed \u2013 metal free.<\/p>\n","protected":false},"featured_media":332434,"template":"","meta":{"_acf_changed":false,"inline_featured_image":false},"product_brand":[],"product_cat":[2142,2143],"product_tag":[1179],"class_list":{"0":"post-332432","1":"product","2":"type-product","3":"status-publish","4":"has-post-thumbnail","6":"product_cat-obuv","7":"product_cat-sandale","8":"product_tag-cerva","9":"pa_farba-cierna","10":"pa_velkost-3116","11":"pa_velkost-3117","12":"pa_velkost-3118","13":"pa_velkost-3119","14":"pa_velkost-3109","15":"pa_velkost-3120","16":"pa_velkost-3110","17":"pa_velkost-3121","18":"pa_velkost-3111","19":"pa_velkost-3112","20":"pa_velkost-3113","21":"pa_velkost-3114","22":"pa_velkost-3115","24":"first","25":"instock","26":"taxable","27":"shipping-taxable","28":"purchasable","29":"product-type-variable"},"acf":[],"_links":{"self":[{"href":"https:\/\/gajos.sk\/eshop\/wp-json\/wp\/v2\/product\/332432","targetHints":{"allow":["GET"]}}],"collection":[{"href":"https:\/\/gajos.sk\/eshop\/wp-json\/wp\/v2\/product"}],"about":[{"href":"https:\/\/gajos.sk\/eshop\/wp-json\/wp\/v2\/types\/product"}],"wp:featuredmedia":[{"embeddable":true,"href":"https:\/\/gajos.sk\/eshop\/wp-json\/wp\/v2\/media\/332434"}],"wp:attachment":[{"href":"https:\/\/gajos.sk\/eshop\/wp-json\/wp\/v2\/media?parent=332432"}],"wp:term":[{"taxonomy":"product_brand","embeddable":true,"href":"https:\/\/gajos.sk\/eshop\/wp-json\/wp\/v2\/product_brand?post=332432"},{"taxonomy":"product_cat","embeddable":true,"href":"https:\/\/gajos.sk\/eshop\/wp-json\/wp\/v2\/product_cat?post=332432"},{"taxonomy":"product_tag","embeddable":true,"href":"https:\/\/gajos.sk\/eshop\/wp-json\/wp\/v2\/product_tag?post=332432"}],"curies":[{"name":"wp","href":"https:\/\/api.w.org\/{rel}","templated":true}]}}