{"id":331674,"date":"2024-03-01T18:55:37","date_gmt":"2024-03-01T17:55:37","guid":{"rendered":"https:\/\/gajostest.a2hosted.com\/eshop\/rufus-mf-s1-src-clenok\/"},"modified":"2026-04-15T21:16:56","modified_gmt":"2026-04-15T19:16:56","slug":"rufus-mf-s1-src-clenok","status":"publish","type":"product","link":"https:\/\/gajos.sk\/eshop\/p\/rufus-mf-s1-src-clenok\/","title":{"rendered":"RUFUS MF S1 SRC \u010dlenok"},"content":{"rendered":"","protected":false},"excerpt":{"rendered":"<p>Pohodlie je z\u00e1sadnou po\u017eiadavkou pre t\u00fdch, ktor\u00ed pracuj\u00fa denne nieko\u013eko hod\u00edn v stoji. Za \u00fa\u010delom splnenia tejto po\u017eiadavky je polstrovan\u00fd golier tejto top\u00e1nky z m\u00e4kk\u00e9ho materi\u00e1lu a v\u010faka perforovanej \u0161pi\u010dke je zaisten\u00e1 dobr\u00e1 priedu\u0161nos\u0165. Bezpe\u010dnostn\u00e1 \u0161pi\u010dka vyroben\u00e1 z kompozitn\u00e9ho materi\u00e1lu spolu s antistatickou a proti\u0161mykovou podr\u00e1\u017ekou zais\u0165uj\u00fa ochranu pred najbe\u017enej\u0161\u00edmi rizikami zranenia. \u0160peci\u00e1lna a vysoko \u00fa\u010dinn\u00e1 vn\u00fatorn\u00e1 stielka absorbuje vlhkos\u0165 a m\u00e1 antimikrobi\u00e1lne, antibakteri\u00e1lne, antistatick\u00e9 a protiz\u00e1pachov\u00e9 vlastnosti. Pre vn\u00fatorn\u00fa pod\u0161\u00edvku bola pou\u017eit\u00e1 \u0161peci\u00e1lna tkanina Airnet mesh vybaven\u00e1 technol\u00f3giou mikrokan\u00e1likov, ktor\u00e1 zais\u0165uje vysok\u00fa transportn\u00fa funk\u010dnos\u0165. Model Rufus je vyroben\u00fd z certifikovan\u00fdch komponentov najvy\u0161\u0161ej kvality a 100% talianskym v\u00fdrobcom bezpe\u010dnostnej a pracovnej obuvi s viac ako 40 rokmi sk\u00fasenost\u00ed v obore.<\/p>\n","protected":false},"featured_media":331676,"template":"","meta":{"_acf_changed":false,"inline_featured_image":false},"product_brand":[],"product_cat":[2157,2142],"product_tag":[2207],"class_list":{"0":"post-331674","1":"product","2":"type-product","3":"status-publish","4":"has-post-thumbnail","6":"product_cat-clenkova-obuv","7":"product_cat-obuv","8":"product_tag-panda-safety","9":"pa_farba-modra","10":"pa_velkost-3115","11":"pa_velkost-3116","12":"pa_velkost-3117","13":"pa_velkost-3118","14":"pa_velkost-3119","15":"pa_velkost-3109","16":"pa_velkost-3120","17":"pa_velkost-3110","18":"pa_velkost-3121","19":"pa_velkost-3111","20":"pa_velkost-3112","21":"pa_velkost-3113","22":"pa_velkost-3114","24":"first","25":"instock","26":"taxable","27":"shipping-taxable","28":"purchasable","29":"product-type-variable"},"acf":[],"_links":{"self":[{"href":"https:\/\/gajos.sk\/eshop\/wp-json\/wp\/v2\/product\/331674","targetHints":{"allow":["GET"]}}],"collection":[{"href":"https:\/\/gajos.sk\/eshop\/wp-json\/wp\/v2\/product"}],"about":[{"href":"https:\/\/gajos.sk\/eshop\/wp-json\/wp\/v2\/types\/product"}],"wp:featuredmedia":[{"embeddable":true,"href":"https:\/\/gajos.sk\/eshop\/wp-json\/wp\/v2\/media\/331676"}],"wp:attachment":[{"href":"https:\/\/gajos.sk\/eshop\/wp-json\/wp\/v2\/media?parent=331674"}],"wp:term":[{"taxonomy":"product_brand","embeddable":true,"href":"https:\/\/gajos.sk\/eshop\/wp-json\/wp\/v2\/product_brand?post=331674"},{"taxonomy":"product_cat","embeddable":true,"href":"https:\/\/gajos.sk\/eshop\/wp-json\/wp\/v2\/product_cat?post=331674"},{"taxonomy":"product_tag","embeddable":true,"href":"https:\/\/gajos.sk\/eshop\/wp-json\/wp\/v2\/product_tag?post=331674"}],"curies":[{"name":"wp","href":"https:\/\/api.w.org\/{rel}","templated":true}]}}