{"id":330490,"date":"2024-03-01T18:41:46","date_gmt":"2024-03-01T17:41:46","guid":{"rendered":"https:\/\/gajostest.a2hosted.com\/eshop\/brindisi-mf-s1p-esd-poltopanka\/"},"modified":"2026-04-15T21:14:42","modified_gmt":"2026-04-15T19:14:42","slug":"brindisi-mf-s1p-esd-poltopanka","status":"publish","type":"product","link":"https:\/\/gajos.sk\/eshop\/p\/brindisi-mf-s1p-esd-poltopanka\/","title":{"rendered":"BRINDISI MF S1P ESD poltop\u00e1nka"},"content":{"rendered":"","protected":false},"excerpt":{"rendered":"<p>\u013dahk\u00e1 bezpe\u010dnostn\u00e1 obuv v modernom, \u0161portovom dizajne. Zvr\u0161ok top\u00e1nky je vyroben\u00fd z priedu\u0161n\u00fdch text\u00edli\u00ed a vn\u00fatorn\u00e1 pod\u0161\u00edvka je vyroben\u00e1 z priedu\u0161n\u00e9ho sie\u0165ovan\u00e9ho materi\u00e1lu Airnet s mikrokan\u00e1lovou technol\u00f3giou pre vysok\u00fa prepravn\u00fa funk\u010dnos\u0165. Proti\u0161mykov\u00e1, \u013eahk\u00e1 a olejuvzdorn\u00e1 podr\u00e1\u017eka je vyroben\u00e1 z polyuret\u00e1nu s dvoma hustotami a zais\u0165uje maxim\u00e1lnu istotu pri ka\u017edom kroku.V\u010faka kompozitnej \u0161pi\u010dke sp\u013a\u0148a top\u00e1nka po\u017eiadavky normy EN ISO 20345:2011, \u010do znamen\u00e1, \u017ee chodidl\u00e1 s\u00fa chr\u00e1nen\u00e9 proti stla\u010deniu silou do 15 kN alebo p\u00e1dom bremena v\u00e1\u017eiaceho do 20 kg z v\u00fd\u0161ky 1 m. Nohy s\u00fa chr\u00e1nen\u00e9 aj odspodu v\u010faka kompozitnej stielke proti prepichnutiu. Top\u00e1nky neobsahuj\u00fa kovov\u00e9 \u010dasti a s\u00fa vybaven\u00e9 funkciou ESD.V\u010faka tomu je ide\u00e1lnym modelom pre vn\u00fatorn\u00e9 priestory a citliv\u00e9 prostredia, kde je potrebn\u00e9 vyhn\u00fa\u0165 sa iskr\u00e1m z elektrostatick\u00e9ho v\u00fdboja, alebo do priestorov vybaven\u00fdch bezpe\u010dnostn\u00fdm r\u00e1mom. V\u010faka modern\u00fdm materi\u00e1lom pou\u017eit\u00fdm pri v\u00fdrobe tohto modelu celkov\u00e1 hmotnos\u0165 top\u00e1nok nepresahuje 450 g (rozmer polovi\u010dn\u00e9ho p\u00e1ru 42). Model je vyroben\u00fd z certifikovan\u00fdch komponentov najvy\u0161\u0161ej kvality a 100% talianskeho v\u00fdrobcu bezpe\u010dnostnej a pracovnej obuvi s viac ako 40 ro\u010dn\u00fdmi sk\u00fasenos\u0165ami v odbore.<\/p>\n","protected":false},"featured_media":330492,"template":"","meta":{"_acf_changed":false,"inline_featured_image":false},"product_brand":[],"product_cat":[2142,2158],"product_tag":[2207],"class_list":{"0":"post-330490","1":"product","2":"type-product","3":"status-publish","4":"has-post-thumbnail","6":"product_cat-obuv","7":"product_cat-poltopanky","8":"product_tag-panda-safety","9":"pa_farba-modra-cierna","10":"pa_velkost-3116","11":"pa_velkost-3117","12":"pa_velkost-3118","13":"pa_velkost-3119","14":"pa_velkost-3109","15":"pa_velkost-3120","16":"pa_velkost-3110","17":"pa_velkost-3121","18":"pa_velkost-3111","19":"pa_velkost-3125","20":"pa_velkost-3112","21":"pa_velkost-3113","22":"pa_velkost-3114","23":"pa_velkost-3115","25":"first","26":"instock","27":"taxable","28":"shipping-taxable","29":"purchasable","30":"product-type-variable"},"acf":[],"_links":{"self":[{"href":"https:\/\/gajos.sk\/eshop\/wp-json\/wp\/v2\/product\/330490","targetHints":{"allow":["GET"]}}],"collection":[{"href":"https:\/\/gajos.sk\/eshop\/wp-json\/wp\/v2\/product"}],"about":[{"href":"https:\/\/gajos.sk\/eshop\/wp-json\/wp\/v2\/types\/product"}],"wp:featuredmedia":[{"embeddable":true,"href":"https:\/\/gajos.sk\/eshop\/wp-json\/wp\/v2\/media\/330492"}],"wp:attachment":[{"href":"https:\/\/gajos.sk\/eshop\/wp-json\/wp\/v2\/media?parent=330490"}],"wp:term":[{"taxonomy":"product_brand","embeddable":true,"href":"https:\/\/gajos.sk\/eshop\/wp-json\/wp\/v2\/product_brand?post=330490"},{"taxonomy":"product_cat","embeddable":true,"href":"https:\/\/gajos.sk\/eshop\/wp-json\/wp\/v2\/product_cat?post=330490"},{"taxonomy":"product_tag","embeddable":true,"href":"https:\/\/gajos.sk\/eshop\/wp-json\/wp\/v2\/product_tag?post=330490"}],"curies":[{"name":"wp","href":"https:\/\/api.w.org\/{rel}","templated":true}]}}