{"id":330402,"date":"2024-03-01T18:41:11","date_gmt":"2024-03-01T17:41:11","guid":{"rendered":"https:\/\/gajostest.a2hosted.com\/eshop\/vindwook-mf-s3-src-poltopanka\/"},"modified":"2026-05-07T21:08:36","modified_gmt":"2026-05-07T19:08:36","slug":"vindwook-mf-s3-src-poltopanka","status":"publish","type":"product","link":"https:\/\/gajos.sk\/eshop\/p\/vindwook-mf-s3-src-poltopanka\/","title":{"rendered":"VINDWOOK\u00a0MF S3 SRC poltop\u00e1nka"},"content":{"rendered":"","protected":false},"excerpt":{"rendered":"<p>Modern\u00e1 bezpe\u010dnostn\u00e1 poltop\u00e1nka s kompozitnou stielkou proti prepichu a kompozitnou tu\u017einkou v \u0161pici, ktor\u00e1 chr\u00e1ni pred stla\u010den\u00edm silou do 15 kN alebo p\u00e1dom bremen\u00e1 s v\u00e1hou do 20 kg z v\u00fd\u0161ky 1 m. Antistatick\u00e1 podr\u00e1\u017eka vyroben\u00e1 z kombin\u00e1cie polyuret\u00e1nu a ve\u013emi odolnej gumy garantuje ale aj bezpe\u010die v\u010faka proti\u0161mykov\u00fdm vlastnostiam podr\u00e1\u017eky, ktor\u00e1 je navy\u0161e rezistentn\u00e1 olejom a oderu.Zvr\u0161ok obuvi je vyroben\u00fd z pr\u00edrodnej ko\u017ee \u201eNUBUCK a vn\u00fatorn\u00e1 pod\u0161\u00edvka z priedu\u0161n\u00e9ho polyesteru. Reflexn\u00e9 prvky garantuj\u00fa zv\u00fd\u0161en\u00fa vidite\u013enos\u0165 u\u017e\u00edvate\u013ea. Tento model je vybaven\u00e9 komfortnou vn\u00fatornou stielkou, ktor\u00e1 v\u010faka g\u00e9lovej p\u00e4te e\u0161te lep\u0161ie tlm\u00ed n\u00e1razy a prin\u00e1\u0161a maxim\u00e1lny pocit pohodlia po\u010das pr\u00e1ce.Tyto top\u00e1nky vyzeraj\u00fa ako \u0161portov\u00e1 obuv, ale pri tom dokonale ochr\u00e1nia va\u0161ej nohy.V ka\u017edej krabici druhy p\u00e1r \u0161n\u00farok navy\u0161e. &#8222;<\/p>\n","protected":false},"featured_media":330404,"template":"","meta":{"_acf_changed":false,"inline_featured_image":false},"product_brand":[],"product_cat":[2142,2158],"product_tag":[1179],"class_list":{"0":"post-330402","1":"product","2":"type-product","3":"status-publish","4":"has-post-thumbnail","6":"product_cat-obuv","7":"product_cat-poltopanky","8":"product_tag-cerva","9":"pa_farba-cierna","10":"pa_velkost-3111","11":"pa_velkost-3112","12":"pa_velkost-3113","13":"pa_velkost-3114","14":"pa_velkost-3115","15":"pa_velkost-3116","16":"pa_velkost-3117","17":"pa_velkost-3118","18":"pa_velkost-3119","19":"pa_velkost-3109","20":"pa_velkost-3121","21":"pa_velkost-3110","23":"first","24":"instock","25":"taxable","26":"shipping-taxable","27":"purchasable","28":"product-type-variable"},"acf":[],"_links":{"self":[{"href":"https:\/\/gajos.sk\/eshop\/wp-json\/wp\/v2\/product\/330402","targetHints":{"allow":["GET"]}}],"collection":[{"href":"https:\/\/gajos.sk\/eshop\/wp-json\/wp\/v2\/product"}],"about":[{"href":"https:\/\/gajos.sk\/eshop\/wp-json\/wp\/v2\/types\/product"}],"wp:featuredmedia":[{"embeddable":true,"href":"https:\/\/gajos.sk\/eshop\/wp-json\/wp\/v2\/media\/330404"}],"wp:attachment":[{"href":"https:\/\/gajos.sk\/eshop\/wp-json\/wp\/v2\/media?parent=330402"}],"wp:term":[{"taxonomy":"product_brand","embeddable":true,"href":"https:\/\/gajos.sk\/eshop\/wp-json\/wp\/v2\/product_brand?post=330402"},{"taxonomy":"product_cat","embeddable":true,"href":"https:\/\/gajos.sk\/eshop\/wp-json\/wp\/v2\/product_cat?post=330402"},{"taxonomy":"product_tag","embeddable":true,"href":"https:\/\/gajos.sk\/eshop\/wp-json\/wp\/v2\/product_tag?post=330402"}],"curies":[{"name":"wp","href":"https:\/\/api.w.org\/{rel}","templated":true}]}}