{"id":330157,"date":"2024-03-01T18:39:14","date_gmt":"2024-03-01T17:39:14","guid":{"rendered":"https:\/\/gajostest.a2hosted.com\/eshop\/wenz-mf-esd-s1p-src-poltopanka\/"},"modified":"2026-04-15T21:12:55","modified_gmt":"2026-04-15T19:12:55","slug":"wenz-mf-esd-s1p-src-poltopanka","status":"publish","type":"product","link":"https:\/\/gajos.sk\/eshop\/p\/wenz-mf-esd-s1p-src-poltopanka\/","title":{"rendered":"WENZ MF ESD S1P SRC poltop\u00e1nka"},"content":{"rendered":"","protected":false},"excerpt":{"rendered":"<p>Nov\u00fd model s praktick\u00fdm vzh\u013eadom je vyroben\u00fd z perforovan\u00e9ho mikrovl\u00e1kna a je odoln\u00fd vo\u010di oderu. Vn\u00fatorn\u00e1 pod\u0161\u00edvka AIRNET mesh s technol\u00f3giou mikrokan\u00e1likov m\u00e1 vysok\u00fa transportn\u00fa funk\u010dnos\u0165. Kompozitn\u00e1 bezpe\u010dnostn\u00e1 \u0161pi\u010dka bola testovan\u00e1, aby vydr\u017eala n\u00e1raz a\u017e 200 joulov a pevnos\u0165 v tlaku a\u017e 1 500 Kg, zatia\u013e \u010do stielka proti prepichnutiu z viacvrstvovej polyesterovej tkaniny odol\u00e1 tlaku a\u017e 1.100 newtonov. V\u010faka unik\u00e1tnemu dizajnu beh\u00fa\u0148a m\u00e1 top\u00e1nka vynikaj\u00face proti\u0161mykov\u00e9 vlastnosti a je odoln\u00e1 pohonn\u00fdm hmot\u00e1m. Model je v\u00fdroben\u00fd z certifikovan\u00fdch komponentov najvy\u0161\u0161ej kvality a 100% talianskym v\u00fdrobcom bezpe\u010dnostnej a pracovnej obuvi s viac ako 40 rokmi sk\u00fasenost\u00ed v obore.<\/p>\n","protected":false},"featured_media":330159,"template":"","meta":{"_acf_changed":false,"inline_featured_image":false},"product_brand":[],"product_cat":[2142,2158],"product_tag":[2207],"class_list":{"0":"post-330157","1":"product","2":"type-product","3":"status-publish","4":"has-post-thumbnail","6":"product_cat-obuv","7":"product_cat-poltopanky","8":"product_tag-panda-safety","9":"pa_farba-modra","10":"pa_velkost-3121","11":"pa_velkost-3111","12":"pa_velkost-3125","13":"pa_velkost-3112","14":"pa_velkost-3113","15":"pa_velkost-3114","16":"pa_velkost-3115","17":"pa_velkost-3116","18":"pa_velkost-3117","19":"pa_velkost-3118","20":"pa_velkost-3119","21":"pa_velkost-3109","22":"pa_velkost-3120","23":"pa_velkost-3110","25":"first","26":"instock","27":"taxable","28":"shipping-taxable","29":"purchasable","30":"product-type-variable"},"acf":[],"_links":{"self":[{"href":"https:\/\/gajos.sk\/eshop\/wp-json\/wp\/v2\/product\/330157","targetHints":{"allow":["GET"]}}],"collection":[{"href":"https:\/\/gajos.sk\/eshop\/wp-json\/wp\/v2\/product"}],"about":[{"href":"https:\/\/gajos.sk\/eshop\/wp-json\/wp\/v2\/types\/product"}],"wp:featuredmedia":[{"embeddable":true,"href":"https:\/\/gajos.sk\/eshop\/wp-json\/wp\/v2\/media\/330159"}],"wp:attachment":[{"href":"https:\/\/gajos.sk\/eshop\/wp-json\/wp\/v2\/media?parent=330157"}],"wp:term":[{"taxonomy":"product_brand","embeddable":true,"href":"https:\/\/gajos.sk\/eshop\/wp-json\/wp\/v2\/product_brand?post=330157"},{"taxonomy":"product_cat","embeddable":true,"href":"https:\/\/gajos.sk\/eshop\/wp-json\/wp\/v2\/product_cat?post=330157"},{"taxonomy":"product_tag","embeddable":true,"href":"https:\/\/gajos.sk\/eshop\/wp-json\/wp\/v2\/product_tag?post=330157"}],"curies":[{"name":"wp","href":"https:\/\/api.w.org\/{rel}","templated":true}]}}