{"id":330126,"date":"2024-03-01T18:39:06","date_gmt":"2024-03-01T17:39:06","guid":{"rendered":"https:\/\/gajostest.a2hosted.com\/eshop\/siria-mf-esd-s1p-src-poltopanka\/"},"modified":"2026-04-15T21:12:55","modified_gmt":"2026-04-15T19:12:55","slug":"siria-mf-esd-s1p-src-poltopanka","status":"publish","type":"product","link":"https:\/\/gajos.sk\/eshop\/p\/siria-mf-esd-s1p-src-poltopanka\/","title":{"rendered":"SIRIA MF ESD S1P SRC poltop\u00e1nka"},"content":{"rendered":"","protected":false},"excerpt":{"rendered":"<p>Bezpe\u010dnostn\u00e1 poltop\u00e1nka ESD, ktor\u00e1 je vyroben\u00e1 bez kovov\u00fdch s\u00fa\u010dast\u00ed. Semi\u0161ov\u00fd zvr\u0161ok je dostato\u010dne perforovan\u00fd, aby sa zv\u00fd\u0161ilo pr\u00fadenie vzduchu vo vn\u00fatri top\u00e1nky a t\u00fdm aj jeho spr\u00e1vna recirkul\u00e1cia. To v kombin\u00e1cii s vn\u00fatornou pod\u0161\u00edvkou \u201eAIRNET mesh\u201c poskytuje pohodlie a svie\u017eos\u0165 po cel\u00fd pracovn\u00fd de\u0148. Beh\u00fa\u0148 podo\u0161vy a medzipodr\u00e1\u017eka je vyroben\u00e1 z kvalitn\u00e9ho ESD polyuret\u00e1nu, \u010do zais\u0165uje top\u00e1nke pohodlie ale z\u00e1rove\u0148 robustnos\u0165 a maxim\u00e1lnu odolnos\u0165 proti opotrebeniu. Nekovov\u00e1 stielka proti prepichnutiu je z viacvrstvov\u00e9ho polyesteru a odol\u00e1 tlaku a\u017e 1.100 newtonov. Model je v\u00fdroben\u00fd z certifikovan\u00fdch komponentov najvy\u0161\u0161ej kvality a 100% talianskym v\u00fdrobcom bezpe\u010dnostnej a pracovnej obuvi s viac ako 40 rokmi sk\u00fasenost\u00ed v obore.<\/p>\n","protected":false},"featured_media":330128,"template":"","meta":{"_acf_changed":false,"inline_featured_image":false},"product_brand":[],"product_cat":[2142,2158],"product_tag":[2207],"class_list":{"0":"post-330126","1":"product","2":"type-product","3":"status-publish","4":"has-post-thumbnail","6":"product_cat-obuv","7":"product_cat-poltopanky","8":"product_tag-panda-safety","9":"pa_farba-siva","10":"pa_velkost-3113","11":"pa_velkost-3114","12":"pa_velkost-3115","13":"pa_velkost-3116","14":"pa_velkost-3117","15":"pa_velkost-3118","16":"pa_velkost-3119","17":"pa_velkost-3109","18":"pa_velkost-3120","19":"pa_velkost-3110","20":"pa_velkost-3121","21":"pa_velkost-3111","22":"pa_velkost-3112","24":"first","25":"instock","26":"taxable","27":"shipping-taxable","28":"purchasable","29":"product-type-variable"},"acf":[],"_links":{"self":[{"href":"https:\/\/gajos.sk\/eshop\/wp-json\/wp\/v2\/product\/330126","targetHints":{"allow":["GET"]}}],"collection":[{"href":"https:\/\/gajos.sk\/eshop\/wp-json\/wp\/v2\/product"}],"about":[{"href":"https:\/\/gajos.sk\/eshop\/wp-json\/wp\/v2\/types\/product"}],"wp:featuredmedia":[{"embeddable":true,"href":"https:\/\/gajos.sk\/eshop\/wp-json\/wp\/v2\/media\/330128"}],"wp:attachment":[{"href":"https:\/\/gajos.sk\/eshop\/wp-json\/wp\/v2\/media?parent=330126"}],"wp:term":[{"taxonomy":"product_brand","embeddable":true,"href":"https:\/\/gajos.sk\/eshop\/wp-json\/wp\/v2\/product_brand?post=330126"},{"taxonomy":"product_cat","embeddable":true,"href":"https:\/\/gajos.sk\/eshop\/wp-json\/wp\/v2\/product_cat?post=330126"},{"taxonomy":"product_tag","embeddable":true,"href":"https:\/\/gajos.sk\/eshop\/wp-json\/wp\/v2\/product_tag?post=330126"}],"curies":[{"name":"wp","href":"https:\/\/api.w.org\/{rel}","templated":true}]}}