{"id":330102,"date":"2024-03-01T18:37:58","date_gmt":"2024-03-01T17:37:58","guid":{"rendered":"https:\/\/gajostest.a2hosted.com\/eshop\/prestige-denim-ob-sra-poltopanka\/"},"modified":"2026-04-30T21:10:08","modified_gmt":"2026-04-30T19:10:08","slug":"prestige-denim-ob-sra-poltopanka","status":"publish","type":"product","link":"https:\/\/gajos.sk\/eshop\/p\/prestige-denim-ob-sra-poltopanka\/","title":{"rendered":"PRESTIGE DENIM OB SRA poltop\u00e1nka"},"content":{"rendered":"","protected":false},"excerpt":{"rendered":"<p>zvr\u0161ok: talianska vlasov\u00e1 ko\u017ea (semi\u0161) v denimovej \u00faprave doplnen\u00e1 odoln\u00fdmi textiln\u00fdmi prvkami; \u010dlenok: molitanov\u00e9 vank\u00fa\u0161iky pre v\u00e4\u010d\u0161ie pohodlie nohy; pod\u0161\u00edvka: kvalitn\u00fd textiln\u00fd materi\u00e1l; podo\u0161va a medzipodr\u00e1\u017eka: dvojkomponentn\u00fd polyuret\u00e1nov\u00fd n\u00e1strek, tlmiaci n\u00e1\u0161\u013eapn\u00e9 sily a \u0161etriaci pohybov\u00fd apar\u00e1t; podo\u0161va odoln\u00e1 proti palivov\u00fdm olejom<\/p>\n","protected":false},"featured_media":330104,"template":"","meta":{"_acf_changed":false,"inline_featured_image":false},"product_brand":[],"product_cat":[2142,2158],"product_tag":[1429],"class_list":{"0":"post-330102","1":"product","2":"type-product","3":"status-publish","4":"has-post-thumbnail","6":"product_cat-obuv","7":"product_cat-poltopanky","8":"product_tag-moleda","9":"pa_farba-modra","10":"pa_velkost-3115","11":"pa_velkost-3116","12":"pa_velkost-3117","13":"pa_velkost-3118","14":"pa_velkost-3119","15":"pa_velkost-3109","16":"pa_velkost-3120","17":"pa_velkost-3110","18":"pa_velkost-3121","19":"pa_velkost-3111","20":"pa_velkost-3124","21":"pa_velkost-3112","22":"pa_velkost-3113","23":"pa_velkost-3114","25":"first","26":"instock","27":"taxable","28":"shipping-taxable","29":"purchasable","30":"product-type-variable"},"acf":[],"_links":{"self":[{"href":"https:\/\/gajos.sk\/eshop\/wp-json\/wp\/v2\/product\/330102","targetHints":{"allow":["GET"]}}],"collection":[{"href":"https:\/\/gajos.sk\/eshop\/wp-json\/wp\/v2\/product"}],"about":[{"href":"https:\/\/gajos.sk\/eshop\/wp-json\/wp\/v2\/types\/product"}],"wp:featuredmedia":[{"embeddable":true,"href":"https:\/\/gajos.sk\/eshop\/wp-json\/wp\/v2\/media\/330104"}],"wp:attachment":[{"href":"https:\/\/gajos.sk\/eshop\/wp-json\/wp\/v2\/media?parent=330102"}],"wp:term":[{"taxonomy":"product_brand","embeddable":true,"href":"https:\/\/gajos.sk\/eshop\/wp-json\/wp\/v2\/product_brand?post=330102"},{"taxonomy":"product_cat","embeddable":true,"href":"https:\/\/gajos.sk\/eshop\/wp-json\/wp\/v2\/product_cat?post=330102"},{"taxonomy":"product_tag","embeddable":true,"href":"https:\/\/gajos.sk\/eshop\/wp-json\/wp\/v2\/product_tag?post=330102"}],"curies":[{"name":"wp","href":"https:\/\/api.w.org\/{rel}","templated":true}]}}