{"id":329461,"date":"2024-03-01T18:31:48","date_gmt":"2024-03-01T17:31:48","guid":{"rendered":"https:\/\/gajostest.a2hosted.com\/eshop\/prestige-poltopanka\/"},"modified":"2026-04-30T21:08:48","modified_gmt":"2026-04-30T19:08:48","slug":"prestige-poltopanka","status":"publish","type":"product","link":"https:\/\/gajos.sk\/eshop\/p\/prestige-poltopanka\/","title":{"rendered":"PRESTIGE poltop\u00e1nka"},"content":{"rendered":"","protected":false},"excerpt":{"rendered":"<p>Obuv so \u0161irok\u00fdm pou\u017eit\u00edm na vo\u013en\u00fd \u010das, turistiku, rekrea\u010dn\u00fd \u0161port a pr\u00e1cu. Je pohodln\u00e1, zaru\u010duje vysok\u00fd komfort pri nosen\u00ed. Kv\u00f4li v\u00e4\u010d\u0161ej bezpe\u010dnosti na cest\u00e1ch je na p\u00e4te pou\u017eit\u00e1 reflexn\u00e1 zna\u010dka Moleda.<\/p>\n","protected":false},"featured_media":329463,"template":"","meta":{"_acf_changed":false,"inline_featured_image":false},"product_brand":[],"product_cat":[2142,2158],"product_tag":[1429],"class_list":{"0":"post-329461","1":"product","2":"type-product","3":"status-publish","4":"has-post-thumbnail","6":"product_cat-obuv","7":"product_cat-poltopanky","8":"product_tag-moleda","9":"pa_farba-cierna","10":"pa_farba-biela","11":"pa_velkost-3114","12":"pa_velkost-3115","13":"pa_velkost-3116","14":"pa_velkost-3117","15":"pa_velkost-3118","16":"pa_velkost-3119","17":"pa_velkost-3109","18":"pa_velkost-3120","19":"pa_velkost-3110","20":"pa_velkost-3121","21":"pa_velkost-3111","22":"pa_velkost-3124","23":"pa_velkost-3112","24":"pa_velkost-3125","25":"pa_velkost-3113","27":"first","28":"instock","29":"taxable","30":"shipping-taxable","31":"purchasable","32":"product-type-variable"},"acf":[],"_links":{"self":[{"href":"https:\/\/gajos.sk\/eshop\/wp-json\/wp\/v2\/product\/329461","targetHints":{"allow":["GET"]}}],"collection":[{"href":"https:\/\/gajos.sk\/eshop\/wp-json\/wp\/v2\/product"}],"about":[{"href":"https:\/\/gajos.sk\/eshop\/wp-json\/wp\/v2\/types\/product"}],"wp:featuredmedia":[{"embeddable":true,"href":"https:\/\/gajos.sk\/eshop\/wp-json\/wp\/v2\/media\/329463"}],"wp:attachment":[{"href":"https:\/\/gajos.sk\/eshop\/wp-json\/wp\/v2\/media?parent=329461"}],"wp:term":[{"taxonomy":"product_brand","embeddable":true,"href":"https:\/\/gajos.sk\/eshop\/wp-json\/wp\/v2\/product_brand?post=329461"},{"taxonomy":"product_cat","embeddable":true,"href":"https:\/\/gajos.sk\/eshop\/wp-json\/wp\/v2\/product_cat?post=329461"},{"taxonomy":"product_tag","embeddable":true,"href":"https:\/\/gajos.sk\/eshop\/wp-json\/wp\/v2\/product_tag?post=329461"}],"curies":[{"name":"wp","href":"https:\/\/api.w.org\/{rel}","templated":true}]}}