{"id":329093,"date":"2024-03-01T18:27:29","date_gmt":"2024-03-01T17:27:29","guid":{"rendered":"https:\/\/gajostest.a2hosted.com\/eshop\/palila-navlek-na-pazu\/"},"modified":"2026-05-07T21:06:38","modified_gmt":"2026-05-07T19:06:38","slug":"palila-navlek-na-pazu","status":"publish","type":"product","link":"https:\/\/gajos.sk\/eshop\/p\/palila-navlek-na-pazu\/","title":{"rendered":"PALILA n\u00e1vlek na pa\u017eu"},"content":{"rendered":"","protected":false},"excerpt":{"rendered":"<p>Proti\u0159ezn\u00fd ruk\u00e1vn\u00edk  &#8211; \u00farove\u0148 odolnosti proti \u0159ezu D &#8211;  beze\u0161v\u00fd \u00faplet je ze speci\u00e1ln\u00edch vl\u00e1ken, kter\u00e1 maj\u00ed p\u0159irozen\u00fd chladiv\u00fd efekt &#8211;  s otvorem na palec a prsty a such\u00fdm zipem pro lep\u0161\u00ed fixaci na pa\u017ei &#8211; ve t\u0159ech variant\u00e1ch \u0161\u00ed\u0159e ruk\u00e1vn\u00edku (N &#8211; \u00fazk\u00fd; W &#8211; \u0161irok\u00fd)<\/p>\n","protected":false},"featured_media":329095,"template":"","meta":{"_acf_changed":false,"inline_featured_image":false},"product_brand":[],"product_cat":[2175],"product_tag":[1179],"class_list":{"0":"post-329093","1":"product","2":"type-product","3":"status-publish","4":"has-post-thumbnail","6":"product_cat-produkty","7":"product_tag-cerva","8":"pa_velkost-n45-cm","9":"pa_velkost-w45-cm","10":"pa_velkost-xw45","11":"pa_velkost-45-cm","13":"first","14":"instock","15":"taxable","16":"shipping-taxable","17":"purchasable","18":"product-type-variable"},"acf":[],"_links":{"self":[{"href":"https:\/\/gajos.sk\/eshop\/wp-json\/wp\/v2\/product\/329093","targetHints":{"allow":["GET"]}}],"collection":[{"href":"https:\/\/gajos.sk\/eshop\/wp-json\/wp\/v2\/product"}],"about":[{"href":"https:\/\/gajos.sk\/eshop\/wp-json\/wp\/v2\/types\/product"}],"wp:featuredmedia":[{"embeddable":true,"href":"https:\/\/gajos.sk\/eshop\/wp-json\/wp\/v2\/media\/329095"}],"wp:attachment":[{"href":"https:\/\/gajos.sk\/eshop\/wp-json\/wp\/v2\/media?parent=329093"}],"wp:term":[{"taxonomy":"product_brand","embeddable":true,"href":"https:\/\/gajos.sk\/eshop\/wp-json\/wp\/v2\/product_brand?post=329093"},{"taxonomy":"product_cat","embeddable":true,"href":"https:\/\/gajos.sk\/eshop\/wp-json\/wp\/v2\/product_cat?post=329093"},{"taxonomy":"product_tag","embeddable":true,"href":"https:\/\/gajos.sk\/eshop\/wp-json\/wp\/v2\/product_tag?post=329093"}],"curies":[{"name":"wp","href":"https:\/\/api.w.org\/{rel}","templated":true}]}}