{"id":328854,"date":"2024-03-01T18:23:31","date_gmt":"2024-03-01T17:23:31","guid":{"rendered":"https:\/\/gajostest.a2hosted.com\/eshop\/tb-430vrf-rukavice\/"},"modified":"2026-04-25T21:10:45","modified_gmt":"2026-04-25T19:10:45","slug":"tb-430vrf-rukavice","status":"publish","type":"product","link":"https:\/\/gajos.sk\/eshop\/p\/tb-430vrf-rukavice\/","title":{"rendered":"TB 430VRF rukavice"},"content":{"rendered":"","protected":false},"excerpt":{"rendered":"<p>Rukavice ze zelen\u00e9ho HPPE \u00fapletu s ocelov\u00fdm a sklen\u011bn\u00fdm vl\u00e1knem.<br \/>\n\u0160ed\u00fd polyuretanov\u00fd povlak na dlani.<br \/>\n\u010cern\u00e1 nitrilov\u00e1 v\u00fdztu\u017e mezi palcem a ukazov\u00e1\u010dkem.<br \/>\nHhustota \u00fapletu 13 gg.<br \/>\nPOU\u017dITELN\u00c9 NA DOTYKOV\u00ddCH OBRAZOVK\u00c1CH<br \/>\nEN388:4X43F<br \/>\nEN407:X1XXXX<\/p>\n","protected":false},"featured_media":328856,"template":"","meta":{"_acf_changed":false,"inline_featured_image":false},"product_brand":[],"product_cat":[2175],"product_tag":[1253],"class_list":{"0":"post-328854","1":"product","2":"type-product","3":"status-publish","4":"has-post-thumbnail","6":"product_cat-produkty","7":"product_tag-tomas-bodero","8":"pa_velkost-3051","9":"pa_velkost-3052","10":"pa_velkost-3057","11":"pa_velkost-3058","12":"pa_velkost-3062","14":"first","15":"instock","16":"taxable","17":"shipping-taxable","18":"purchasable","19":"product-type-variable"},"acf":[],"_links":{"self":[{"href":"https:\/\/gajos.sk\/eshop\/wp-json\/wp\/v2\/product\/328854","targetHints":{"allow":["GET"]}}],"collection":[{"href":"https:\/\/gajos.sk\/eshop\/wp-json\/wp\/v2\/product"}],"about":[{"href":"https:\/\/gajos.sk\/eshop\/wp-json\/wp\/v2\/types\/product"}],"wp:featuredmedia":[{"embeddable":true,"href":"https:\/\/gajos.sk\/eshop\/wp-json\/wp\/v2\/media\/328856"}],"wp:attachment":[{"href":"https:\/\/gajos.sk\/eshop\/wp-json\/wp\/v2\/media?parent=328854"}],"wp:term":[{"taxonomy":"product_brand","embeddable":true,"href":"https:\/\/gajos.sk\/eshop\/wp-json\/wp\/v2\/product_brand?post=328854"},{"taxonomy":"product_cat","embeddable":true,"href":"https:\/\/gajos.sk\/eshop\/wp-json\/wp\/v2\/product_cat?post=328854"},{"taxonomy":"product_tag","embeddable":true,"href":"https:\/\/gajos.sk\/eshop\/wp-json\/wp\/v2\/product_tag?post=328854"}],"curies":[{"name":"wp","href":"https:\/\/api.w.org\/{rel}","templated":true}]}}