{"id":328793,"date":"2024-03-01T18:23:05","date_gmt":"2024-03-01T17:23:05","guid":{"rendered":"https:\/\/gajostest.a2hosted.com\/eshop\/graja-rukavice\/"},"modified":"2026-04-25T21:10:45","modified_gmt":"2026-04-25T19:10:45","slug":"graja-rukavice","status":"publish","type":"product","link":"https:\/\/gajos.sk\/eshop\/p\/graja-rukavice\/","title":{"rendered":"GRAJA rukavice"},"content":{"rendered":"","protected":false},"excerpt":{"rendered":"<p>\u2022 pleten\u00e9 bez\u0161vov\u00e9 rukavice z polyesteru, spandexu, nylonu a sklenen\u00e9ho vl\u00e1kna m\u00e1\u010dan\u00e9 v PU<br \/>\n\u2022 odolnos\u0165 vo\u010di rezu trieda C<br \/>\n\u2022 hustota \u00fapletu 13 GG<\/p>\n","protected":false},"featured_media":328795,"template":"","meta":{"_acf_changed":false,"inline_featured_image":false},"product_brand":[],"product_cat":[2175],"product_tag":[1179],"class_list":{"0":"post-328793","1":"product","2":"type-product","3":"status-publish","4":"has-post-thumbnail","6":"product_cat-produkty","7":"product_tag-cerva","8":"pa_farba-hv-zlta","9":"pa_farba-cierna","10":"pa_velkost-3050","11":"pa_velkost-3051","12":"pa_velkost-3052","13":"pa_velkost-3057","14":"pa_velkost-3058","15":"pa_velkost-3062","16":"pa_velkost-3076","18":"first","19":"instock","20":"taxable","21":"shipping-taxable","22":"purchasable","23":"product-type-variable"},"acf":[],"_links":{"self":[{"href":"https:\/\/gajos.sk\/eshop\/wp-json\/wp\/v2\/product\/328793","targetHints":{"allow":["GET"]}}],"collection":[{"href":"https:\/\/gajos.sk\/eshop\/wp-json\/wp\/v2\/product"}],"about":[{"href":"https:\/\/gajos.sk\/eshop\/wp-json\/wp\/v2\/types\/product"}],"wp:featuredmedia":[{"embeddable":true,"href":"https:\/\/gajos.sk\/eshop\/wp-json\/wp\/v2\/media\/328795"}],"wp:attachment":[{"href":"https:\/\/gajos.sk\/eshop\/wp-json\/wp\/v2\/media?parent=328793"}],"wp:term":[{"taxonomy":"product_brand","embeddable":true,"href":"https:\/\/gajos.sk\/eshop\/wp-json\/wp\/v2\/product_brand?post=328793"},{"taxonomy":"product_cat","embeddable":true,"href":"https:\/\/gajos.sk\/eshop\/wp-json\/wp\/v2\/product_cat?post=328793"},{"taxonomy":"product_tag","embeddable":true,"href":"https:\/\/gajos.sk\/eshop\/wp-json\/wp\/v2\/product_tag?post=328793"}],"curies":[{"name":"wp","href":"https:\/\/api.w.org\/{rel}","templated":true}]}}