{"id":328749,"date":"2024-03-01T18:21:49","date_gmt":"2024-03-01T17:21:49","guid":{"rendered":"https:\/\/gajostest.a2hosted.com\/eshop\/tb-490rmf-impact-rukavice\/"},"modified":"2026-04-25T21:10:45","modified_gmt":"2026-04-25T19:10:45","slug":"tb-490rmf-impact-rukavice","status":"publish","type":"product","link":"https:\/\/gajos.sk\/eshop\/p\/tb-490rmf-impact-rukavice\/","title":{"rendered":"TB 490RMF IMPACT rukavice"},"content":{"rendered":"","protected":false},"excerpt":{"rendered":"<p>\u2022 \u0161ed\u00e9 beze\u0161v\u00e9 HPPE rukavice<br \/>\n\u2022 \u010dern\u00fd mikropor\u00e9zn\u00ed nitril<br \/>\n\u2022 \u010derven\u00e1 latexov\u00e1 ochrana na h\u0159betu rukavic proti n\u00e1raz\u016fm<br \/>\n\u2022 pleten\u00e1 man\u017eeta<br \/>\n\u2022 hustota \u00fapletu 13 GG<br \/>\n\u2022 EN388: 4X42CP<br \/>\n\u2022 EN407: X1XXXX<\/p>\n","protected":false},"featured_media":328751,"template":"","meta":{"_acf_changed":false,"inline_featured_image":false},"product_brand":[],"product_cat":[2175],"product_tag":[1253],"class_list":{"0":"post-328749","1":"product","2":"type-product","3":"status-publish","4":"has-post-thumbnail","6":"product_cat-produkty","7":"product_tag-tomas-bodero","8":"pa_velkost-3050","9":"pa_velkost-3051","10":"pa_velkost-3052","11":"pa_velkost-3057","13":"first","14":"instock","15":"taxable","16":"shipping-taxable","17":"purchasable","18":"product-type-variable"},"acf":[],"_links":{"self":[{"href":"https:\/\/gajos.sk\/eshop\/wp-json\/wp\/v2\/product\/328749","targetHints":{"allow":["GET"]}}],"collection":[{"href":"https:\/\/gajos.sk\/eshop\/wp-json\/wp\/v2\/product"}],"about":[{"href":"https:\/\/gajos.sk\/eshop\/wp-json\/wp\/v2\/types\/product"}],"wp:featuredmedia":[{"embeddable":true,"href":"https:\/\/gajos.sk\/eshop\/wp-json\/wp\/v2\/media\/328751"}],"wp:attachment":[{"href":"https:\/\/gajos.sk\/eshop\/wp-json\/wp\/v2\/media?parent=328749"}],"wp:term":[{"taxonomy":"product_brand","embeddable":true,"href":"https:\/\/gajos.sk\/eshop\/wp-json\/wp\/v2\/product_brand?post=328749"},{"taxonomy":"product_cat","embeddable":true,"href":"https:\/\/gajos.sk\/eshop\/wp-json\/wp\/v2\/product_cat?post=328749"},{"taxonomy":"product_tag","embeddable":true,"href":"https:\/\/gajos.sk\/eshop\/wp-json\/wp\/v2\/product_tag?post=328749"}],"curies":[{"name":"wp","href":"https:\/\/api.w.org\/{rel}","templated":true}]}}