{"id":327985,"date":"2024-03-01T18:09:30","date_gmt":"2024-03-01T17:09:30","guid":{"rendered":"https:\/\/gajostest.a2hosted.com\/eshop\/lbp53-rukavice-latex-pudr-100ks\/"},"modified":"2026-04-11T17:52:11","modified_gmt":"2026-04-11T15:52:11","slug":"lbp53-rukavice-latex-pudr-100ks","status":"publish","type":"product","link":"https:\/\/gajos.sk\/eshop\/p\/lbp53-rukavice-latex-pudr-100ks\/","title":{"rendered":"LBP53 rukavice latex pudr 100ks"},"content":{"rendered":"","protected":false},"excerpt":{"rendered":"<p>Vyroben\u00e9 z latexu. Reakcie m\u00f4\u017eu nasta\u0165 u jedincov so sklonom k nepriaznivej reakcii. Vodotesn\u00e9; obojru\u010dn\u00e9; nesteriln\u00e9; AQL 1.5; obratnos\u0165 5 (minim\u00e1lne 0, maxim\u00e1lne 5).<\/p>\n","protected":false},"featured_media":327987,"template":"","meta":{"_acf_changed":false,"inline_featured_image":false},"product_brand":[],"product_cat":[2175],"product_tag":[1546],"class_list":{"0":"post-327985","1":"product","2":"type-product","3":"status-publish","4":"has-post-thumbnail","6":"product_cat-produkty","7":"product_tag-dermik","8":"pa_velkost-3057","9":"pa_velkost-3058","11":"first","12":"instock","13":"taxable","14":"shipping-taxable","15":"product-type-variable"},"acf":[],"_links":{"self":[{"href":"https:\/\/gajos.sk\/eshop\/wp-json\/wp\/v2\/product\/327985","targetHints":{"allow":["GET"]}}],"collection":[{"href":"https:\/\/gajos.sk\/eshop\/wp-json\/wp\/v2\/product"}],"about":[{"href":"https:\/\/gajos.sk\/eshop\/wp-json\/wp\/v2\/types\/product"}],"wp:featuredmedia":[{"embeddable":true,"href":"https:\/\/gajos.sk\/eshop\/wp-json\/wp\/v2\/media\/327987"}],"wp:attachment":[{"href":"https:\/\/gajos.sk\/eshop\/wp-json\/wp\/v2\/media?parent=327985"}],"wp:term":[{"taxonomy":"product_brand","embeddable":true,"href":"https:\/\/gajos.sk\/eshop\/wp-json\/wp\/v2\/product_brand?post=327985"},{"taxonomy":"product_cat","embeddable":true,"href":"https:\/\/gajos.sk\/eshop\/wp-json\/wp\/v2\/product_cat?post=327985"},{"taxonomy":"product_tag","embeddable":true,"href":"https:\/\/gajos.sk\/eshop\/wp-json\/wp\/v2\/product_tag?post=327985"}],"curies":[{"name":"wp","href":"https:\/\/api.w.org\/{rel}","templated":true}]}}