{"id":327931,"date":"2024-03-01T18:09:08","date_gmt":"2024-03-01T17:09:08","guid":{"rendered":"https:\/\/gajostest.a2hosted.com\/eshop\/ff-spoonbill-light-hs-06-001-200x\/"},"modified":"2026-04-11T17:47:03","modified_gmt":"2026-04-11T15:47:03","slug":"ff-spoonbill-light-hs-06-001-200x","status":"publish","type":"product","link":"https:\/\/gajos.sk\/eshop\/p\/ff-spoonbill-light-hs-06-001-200x\/","title":{"rendered":"FF SPOONBILL LIGHT HS-06-001 200x"},"content":{"rendered":"","protected":false},"excerpt":{"rendered":"<p>Jednorazov\u00e9 nitrilov\u00e9 nepudrovan\u00e9 rukavice, balen\u00e9 po 200 ks v boxe. Ekonomick\u00e9 balenie a ekonomick\u00e1 v\u00e1ha rukav\u00edc.<\/p>\n","protected":false},"featured_media":327933,"template":"","meta":{"_acf_changed":false,"inline_featured_image":false},"product_brand":[],"product_cat":[2175],"product_tag":[1228],"class_list":{"0":"post-327931","1":"product","2":"type-product","3":"status-publish","4":"has-post-thumbnail","6":"product_cat-produkty","7":"product_tag-fridrich-fridrich","8":"pa_velkost-3052","9":"pa_velkost-3058","11":"first","12":"instock","13":"taxable","14":"shipping-taxable","15":"product-type-variable"},"acf":[],"_links":{"self":[{"href":"https:\/\/gajos.sk\/eshop\/wp-json\/wp\/v2\/product\/327931","targetHints":{"allow":["GET"]}}],"collection":[{"href":"https:\/\/gajos.sk\/eshop\/wp-json\/wp\/v2\/product"}],"about":[{"href":"https:\/\/gajos.sk\/eshop\/wp-json\/wp\/v2\/types\/product"}],"wp:featuredmedia":[{"embeddable":true,"href":"https:\/\/gajos.sk\/eshop\/wp-json\/wp\/v2\/media\/327933"}],"wp:attachment":[{"href":"https:\/\/gajos.sk\/eshop\/wp-json\/wp\/v2\/media?parent=327931"}],"wp:term":[{"taxonomy":"product_brand","embeddable":true,"href":"https:\/\/gajos.sk\/eshop\/wp-json\/wp\/v2\/product_brand?post=327931"},{"taxonomy":"product_cat","embeddable":true,"href":"https:\/\/gajos.sk\/eshop\/wp-json\/wp\/v2\/product_cat?post=327931"},{"taxonomy":"product_tag","embeddable":true,"href":"https:\/\/gajos.sk\/eshop\/wp-json\/wp\/v2\/product_tag?post=327931"}],"curies":[{"name":"wp","href":"https:\/\/api.w.org\/{rel}","templated":true}]}}