{"id":327863,"date":"2024-03-01T18:07:36","date_gmt":"2024-03-01T17:07:36","guid":{"rendered":"https:\/\/gajostest.a2hosted.com\/eshop\/ansell-92-500-touch-n-tuff\/"},"modified":"2026-04-24T21:08:08","modified_gmt":"2026-04-24T19:08:08","slug":"ansell-92-500-touch-n-tuff","status":"publish","type":"product","link":"https:\/\/gajos.sk\/eshop\/p\/ansell-92-500-touch-n-tuff\/","title":{"rendered":"ANSELL  92-500 Touch N Tuff"},"content":{"rendered":"","protected":false},"excerpt":{"rendered":"<p>Zelen\u00e9 antistatick\u00e9 jednorazov\u00e9 rukavice zo 100 % 0,12 mm siln\u00e9ho nitrilu bez pr\u00edmes\u00ed, s rolovan\u00fdm okrajom, pudrovan\u00e9 (A92-500) alebo nepudrovan\u00e9 (A92-600 a A92-605), v celkov\u00fdch d\u013a\u017ekach 24 cm a 30 cm.<\/p>\n","protected":false},"featured_media":327865,"template":"","meta":{"_acf_changed":false,"inline_featured_image":false},"product_brand":[],"product_cat":[2124,3517,2175],"product_tag":[1219],"class_list":{"0":"post-327863","1":"product","2":"type-product","3":"status-publish","4":"has-post-thumbnail","6":"product_cat-rukavice","7":"product_cat-jednorazove","8":"product_cat-produkty","9":"product_tag-ansell","10":"pa_velkost-3051","11":"pa_velkost-3052","12":"pa_velkost-3057","13":"pa_velkost-3058","15":"first","16":"instock","17":"taxable","18":"shipping-taxable","19":"purchasable","20":"product-type-variable"},"acf":[],"_links":{"self":[{"href":"https:\/\/gajos.sk\/eshop\/wp-json\/wp\/v2\/product\/327863","targetHints":{"allow":["GET"]}}],"collection":[{"href":"https:\/\/gajos.sk\/eshop\/wp-json\/wp\/v2\/product"}],"about":[{"href":"https:\/\/gajos.sk\/eshop\/wp-json\/wp\/v2\/types\/product"}],"wp:featuredmedia":[{"embeddable":true,"href":"https:\/\/gajos.sk\/eshop\/wp-json\/wp\/v2\/media\/327865"}],"wp:attachment":[{"href":"https:\/\/gajos.sk\/eshop\/wp-json\/wp\/v2\/media?parent=327863"}],"wp:term":[{"taxonomy":"product_brand","embeddable":true,"href":"https:\/\/gajos.sk\/eshop\/wp-json\/wp\/v2\/product_brand?post=327863"},{"taxonomy":"product_cat","embeddable":true,"href":"https:\/\/gajos.sk\/eshop\/wp-json\/wp\/v2\/product_cat?post=327863"},{"taxonomy":"product_tag","embeddable":true,"href":"https:\/\/gajos.sk\/eshop\/wp-json\/wp\/v2\/product_tag?post=327863"}],"curies":[{"name":"wp","href":"https:\/\/api.w.org\/{rel}","templated":true}]}}