{"id":327726,"date":"2024-03-01T18:05:28","date_gmt":"2024-03-01T17:05:28","guid":{"rendered":"https:\/\/gajostest.a2hosted.com\/eshop\/ff-chachalaca-3-4-light-cut-e-rukavice\/"},"modified":"2026-05-07T21:04:26","modified_gmt":"2026-05-07T19:04:26","slug":"ff-chachalaca-3-4-light-cut-e-rukavice","status":"publish","type":"product","link":"https:\/\/gajos.sk\/eshop\/p\/ff-chachalaca-3-4-light-cut-e-rukavice\/","title":{"rendered":"FF CHACHALACA 3\/4 Light cut E rukavice"},"content":{"rendered":"","protected":false},"excerpt":{"rendered":"<p>Pleten\u00e9 bez\u0161vov\u00e9 rukavice s 3\/4 m\u00e1\u010dan\u00edm v mikropor\u00e9znom nitrile s ochranou vo\u010di prerezaniu E, rukavice vhodn\u00e9 do such\u00fdch a vlhk\u00fdch \u010di olejnat\u00fdch prostred\u00ed. Ide\u00e1lne pre manipul\u00e1ciu s ostr\u00fdmi a mastn\u00fdmi dielmi, manipul\u00e1ciu so sklom alebo opracovaniu mastn\u00fdch kovov a plechov.<\/p>\n","protected":false},"featured_media":327728,"template":"","meta":{"_acf_changed":false,"inline_featured_image":false},"product_brand":[],"product_cat":[2138,2137,2124],"product_tag":[1228],"class_list":{"0":"post-327726","1":"product","2":"type-product","3":"status-publish","4":"has-post-thumbnail","6":"product_cat-vrstvene-site-rukavice","7":"product_cat-macane-a-povrstvene","8":"product_cat-rukavice","9":"product_tag-fridrich-fridrich","10":"pa_velkost-3050","11":"pa_velkost-3051","12":"pa_velkost-3052","13":"pa_velkost-3057","14":"pa_velkost-3058","16":"first","17":"instock","18":"taxable","19":"shipping-taxable","20":"purchasable","21":"product-type-variable"},"acf":[],"_links":{"self":[{"href":"https:\/\/gajos.sk\/eshop\/wp-json\/wp\/v2\/product\/327726","targetHints":{"allow":["GET"]}}],"collection":[{"href":"https:\/\/gajos.sk\/eshop\/wp-json\/wp\/v2\/product"}],"about":[{"href":"https:\/\/gajos.sk\/eshop\/wp-json\/wp\/v2\/types\/product"}],"wp:featuredmedia":[{"embeddable":true,"href":"https:\/\/gajos.sk\/eshop\/wp-json\/wp\/v2\/media\/327728"}],"wp:attachment":[{"href":"https:\/\/gajos.sk\/eshop\/wp-json\/wp\/v2\/media?parent=327726"}],"wp:term":[{"taxonomy":"product_brand","embeddable":true,"href":"https:\/\/gajos.sk\/eshop\/wp-json\/wp\/v2\/product_brand?post=327726"},{"taxonomy":"product_cat","embeddable":true,"href":"https:\/\/gajos.sk\/eshop\/wp-json\/wp\/v2\/product_cat?post=327726"},{"taxonomy":"product_tag","embeddable":true,"href":"https:\/\/gajos.sk\/eshop\/wp-json\/wp\/v2\/product_tag?post=327726"}],"curies":[{"name":"wp","href":"https:\/\/api.w.org\/{rel}","templated":true}]}}