{"id":327290,"date":"2024-03-01T17:59:26","date_gmt":"2024-03-01T16:59:26","guid":{"rendered":"https:\/\/gajostest.a2hosted.com\/eshop\/luts-sw-7195-pro-rukavice\/"},"modified":"2026-04-15T21:04:47","modified_gmt":"2026-04-15T19:04:47","slug":"luts-sw-7195-pro-rukavice","status":"publish","type":"product","link":"https:\/\/gajos.sk\/eshop\/p\/luts-sw-7195-pro-rukavice\/","title":{"rendered":"LUTS SW 7195 PRO rukavice"},"content":{"rendered":"","protected":false},"excerpt":{"rendered":"<p>Rukavice s HPT m\u00e1\u010den\u00edm, extra odoln\u00fd v\u016f\u010di vod\u011b a oleji,  nen\u00ed por\u00e9zn\u00ed, Actifresh, m\u011bkk\u00fd a pru\u017en\u00fd,<\/p>\n","protected":false},"featured_media":327292,"template":"","meta":{"_acf_changed":false,"inline_featured_image":false},"product_brand":[],"product_cat":[2138,2137,2124],"product_tag":[1274],"class_list":{"0":"post-327290","1":"product","2":"type-product","3":"status-publish","4":"has-post-thumbnail","6":"product_cat-vrstvene-site-rukavice","7":"product_cat-macane-a-povrstvene","8":"product_cat-rukavice","9":"product_tag-safeworker","10":"pa_farba-cierna","11":"pa_velkost-3051","12":"pa_velkost-3052","14":"first","15":"instock","16":"taxable","17":"shipping-taxable","18":"product-type-variable"},"acf":[],"_links":{"self":[{"href":"https:\/\/gajos.sk\/eshop\/wp-json\/wp\/v2\/product\/327290","targetHints":{"allow":["GET"]}}],"collection":[{"href":"https:\/\/gajos.sk\/eshop\/wp-json\/wp\/v2\/product"}],"about":[{"href":"https:\/\/gajos.sk\/eshop\/wp-json\/wp\/v2\/types\/product"}],"wp:featuredmedia":[{"embeddable":true,"href":"https:\/\/gajos.sk\/eshop\/wp-json\/wp\/v2\/media\/327292"}],"wp:attachment":[{"href":"https:\/\/gajos.sk\/eshop\/wp-json\/wp\/v2\/media?parent=327290"}],"wp:term":[{"taxonomy":"product_brand","embeddable":true,"href":"https:\/\/gajos.sk\/eshop\/wp-json\/wp\/v2\/product_brand?post=327290"},{"taxonomy":"product_cat","embeddable":true,"href":"https:\/\/gajos.sk\/eshop\/wp-json\/wp\/v2\/product_cat?post=327290"},{"taxonomy":"product_tag","embeddable":true,"href":"https:\/\/gajos.sk\/eshop\/wp-json\/wp\/v2\/product_tag?post=327290"}],"curies":[{"name":"wp","href":"https:\/\/api.w.org\/{rel}","templated":true}]}}