{"id":326561,"date":"2024-03-01T17:45:52","date_gmt":"2024-03-01T16:45:52","guid":{"rendered":"https:\/\/gajostest.a2hosted.com\/eshop\/1st-nitrix-rukavice\/"},"modified":"2026-04-25T21:03:30","modified_gmt":"2026-04-25T19:03:30","slug":"1st-nitrix-rukavice","status":"publish","type":"product","link":"https:\/\/gajos.sk\/eshop\/p\/1st-nitrix-rukavice\/","title":{"rendered":"1st NITRIX rukavice"},"content":{"rendered":"","protected":false},"excerpt":{"rendered":"<p>Bez\u0161vov\u00e9 nyl\u00f3nov\u00e9 rukavice m\u00e1\u010dan\u00e9 v elastickej nitrilovej pene. Pod\u0161\u00edvkaPolar fleece. Ide\u00e1lne na pr\u00e1ce v chladiacich boxoch a na vonkaj\u0161ie vyu\u017eitie. Pru\u017en\u00e1 man\u017eeta so zap\u00ednan\u00edm na such\u00fd zips.<\/p>\n","protected":false},"featured_media":326563,"template":"","meta":{"_acf_changed":false,"inline_featured_image":false},"product_brand":[],"product_cat":[2137,2139,2124],"product_tag":[1240],"class_list":{"0":"post-326561","1":"product","2":"type-product","3":"status-publish","4":"has-post-thumbnail","6":"product_cat-macane-a-povrstvene","7":"product_cat-macane-site-rukavice","8":"product_cat-rukavice","9":"product_tag-os","10":"pa_farba-bezova","11":"pa_velkost-3050","12":"pa_velkost-3051","13":"pa_velkost-3052","15":"first","16":"instock","17":"taxable","18":"shipping-taxable","19":"purchasable","20":"product-type-variable"},"acf":[],"_links":{"self":[{"href":"https:\/\/gajos.sk\/eshop\/wp-json\/wp\/v2\/product\/326561","targetHints":{"allow":["GET"]}}],"collection":[{"href":"https:\/\/gajos.sk\/eshop\/wp-json\/wp\/v2\/product"}],"about":[{"href":"https:\/\/gajos.sk\/eshop\/wp-json\/wp\/v2\/types\/product"}],"wp:featuredmedia":[{"embeddable":true,"href":"https:\/\/gajos.sk\/eshop\/wp-json\/wp\/v2\/media\/326563"}],"wp:attachment":[{"href":"https:\/\/gajos.sk\/eshop\/wp-json\/wp\/v2\/media?parent=326561"}],"wp:term":[{"taxonomy":"product_brand","embeddable":true,"href":"https:\/\/gajos.sk\/eshop\/wp-json\/wp\/v2\/product_brand?post=326561"},{"taxonomy":"product_cat","embeddable":true,"href":"https:\/\/gajos.sk\/eshop\/wp-json\/wp\/v2\/product_cat?post=326561"},{"taxonomy":"product_tag","embeddable":true,"href":"https:\/\/gajos.sk\/eshop\/wp-json\/wp\/v2\/product_tag?post=326561"}],"curies":[{"name":"wp","href":"https:\/\/api.w.org\/{rel}","templated":true}]}}