{"id":326534,"date":"2024-03-01T17:45:39","date_gmt":"2024-03-01T16:45:39","guid":{"rendered":"https:\/\/gajostest.a2hosted.com\/eshop\/dubius-ruk-nitril-celom-uplet\/"},"modified":"2026-04-25T21:03:30","modified_gmt":"2026-04-25T19:03:30","slug":"dubius-ruk-nitril-celom-uplet","status":"publish","type":"product","link":"https:\/\/gajos.sk\/eshop\/p\/dubius-ruk-nitril-celom-uplet\/","title":{"rendered":"DUBIUS ruk.nitril celom. \u00faplet"},"content":{"rendered":"","protected":false},"excerpt":{"rendered":"<p>Rukavice \u0161it\u00e9 z bavlnen\u00e9ho \u00fapletu, m\u00e1\u010dan\u00e9, so silnej\u0161ou vrstvou nitrilu (proti\u0161mykov\u00e9 uchopenie) s elastickou pletenou man\u017eetou zabra\u0148uj\u00facou prieniku ne\u010dist\u00f4t. Ur\u010den\u00e9 s\u00fa pre pr\u00e1cu s abraz\u00edvnymi materi\u00e1lmi v silno zaolejovanom prostred\u00ed.<\/p>\n","protected":false},"featured_media":326536,"template":"","meta":{"_acf_changed":false,"inline_featured_image":false},"product_brand":[],"product_cat":[2137,2139,2124],"product_tag":[1179],"class_list":{"0":"post-326534","1":"product","2":"type-product","3":"status-publish","4":"has-post-thumbnail","6":"product_cat-macane-a-povrstvene","7":"product_cat-macane-site-rukavice","8":"product_cat-rukavice","9":"product_tag-cerva","10":"pa_velkost-3050","11":"pa_velkost-3051","12":"pa_velkost-3052","14":"first","15":"instock","16":"taxable","17":"shipping-taxable","18":"purchasable","19":"product-type-variable"},"acf":[],"_links":{"self":[{"href":"https:\/\/gajos.sk\/eshop\/wp-json\/wp\/v2\/product\/326534","targetHints":{"allow":["GET"]}}],"collection":[{"href":"https:\/\/gajos.sk\/eshop\/wp-json\/wp\/v2\/product"}],"about":[{"href":"https:\/\/gajos.sk\/eshop\/wp-json\/wp\/v2\/types\/product"}],"wp:featuredmedia":[{"embeddable":true,"href":"https:\/\/gajos.sk\/eshop\/wp-json\/wp\/v2\/media\/326536"}],"wp:attachment":[{"href":"https:\/\/gajos.sk\/eshop\/wp-json\/wp\/v2\/media?parent=326534"}],"wp:term":[{"taxonomy":"product_brand","embeddable":true,"href":"https:\/\/gajos.sk\/eshop\/wp-json\/wp\/v2\/product_brand?post=326534"},{"taxonomy":"product_cat","embeddable":true,"href":"https:\/\/gajos.sk\/eshop\/wp-json\/wp\/v2\/product_cat?post=326534"},{"taxonomy":"product_tag","embeddable":true,"href":"https:\/\/gajos.sk\/eshop\/wp-json\/wp\/v2\/product_tag?post=326534"}],"curies":[{"name":"wp","href":"https:\/\/api.w.org\/{rel}","templated":true}]}}