{"id":326483,"date":"2024-03-01T17:45:17","date_gmt":"2024-03-01T16:45:17","guid":{"rendered":"https:\/\/gajostest.a2hosted.com\/eshop\/ansell-activarmr-47200-rukavice\/"},"modified":"2026-04-24T21:04:10","modified_gmt":"2026-04-24T19:04:10","slug":"ansell-activarmr-47200-rukavice","status":"publish","type":"product","link":"https:\/\/gajos.sk\/eshop\/p\/ansell-activarmr-47200-rukavice\/","title":{"rendered":"Ansell ActivArmr 47200 rukavice"},"content":{"rendered":"","protected":false},"excerpt":{"rendered":"<p>\u013dahk\u00e9 pru\u017en\u00e9 antistatick\u00e9 rukavice z jemn\u00e9ho bavlnen\u00e9ho \u00fapletu, s vrstvou nitrilu v dlani a na prstoch a odolnos\u0165ou proti pretrhnutiu, prepichnutiu, prerezu a oteru.<\/p>\n","protected":false},"featured_media":326485,"template":"","meta":{"_acf_changed":false,"inline_featured_image":false},"product_brand":[],"product_cat":[2137,2139,2124],"product_tag":[1219],"class_list":{"0":"post-326483","1":"product","2":"type-product","3":"status-publish","4":"has-post-thumbnail","6":"product_cat-macane-a-povrstvene","7":"product_cat-macane-site-rukavice","8":"product_cat-rukavice","9":"product_tag-ansell","10":"pa_velkost-3074","11":"pa_velkost-3051","12":"pa_velkost-3052","13":"pa_velkost-3057","14":"pa_velkost-3058","15":"pa_velkost-3062","17":"first","18":"instock","19":"taxable","20":"shipping-taxable","21":"purchasable","22":"product-type-variable"},"acf":[],"_links":{"self":[{"href":"https:\/\/gajos.sk\/eshop\/wp-json\/wp\/v2\/product\/326483","targetHints":{"allow":["GET"]}}],"collection":[{"href":"https:\/\/gajos.sk\/eshop\/wp-json\/wp\/v2\/product"}],"about":[{"href":"https:\/\/gajos.sk\/eshop\/wp-json\/wp\/v2\/types\/product"}],"wp:featuredmedia":[{"embeddable":true,"href":"https:\/\/gajos.sk\/eshop\/wp-json\/wp\/v2\/media\/326485"}],"wp:attachment":[{"href":"https:\/\/gajos.sk\/eshop\/wp-json\/wp\/v2\/media?parent=326483"}],"wp:term":[{"taxonomy":"product_brand","embeddable":true,"href":"https:\/\/gajos.sk\/eshop\/wp-json\/wp\/v2\/product_brand?post=326483"},{"taxonomy":"product_cat","embeddable":true,"href":"https:\/\/gajos.sk\/eshop\/wp-json\/wp\/v2\/product_cat?post=326483"},{"taxonomy":"product_tag","embeddable":true,"href":"https:\/\/gajos.sk\/eshop\/wp-json\/wp\/v2\/product_tag?post=326483"}],"curies":[{"name":"wp","href":"https:\/\/api.w.org\/{rel}","templated":true}]}}