{"id":326210,"date":"2024-03-01T17:41:23","date_gmt":"2024-03-01T16:41:23","guid":{"rendered":"https:\/\/gajostest.a2hosted.com\/eshop\/ansell-32-105-hynit\/"},"modified":"2026-04-24T21:04:09","modified_gmt":"2026-04-24T19:04:09","slug":"ansell-32-105-hynit","status":"publish","type":"product","link":"https:\/\/gajos.sk\/eshop\/p\/ansell-32-105-hynit\/","title":{"rendered":"ANSELL  32-105 Hynit"},"content":{"rendered":"","protected":false},"excerpt":{"rendered":"<p>Pru\u017en\u00e9 rukavice \u0161it\u00e9 z bavlnen\u00e9ho \u00fapletu laminovan\u00e9ho nitrilom, pre\u0161\u00edvan\u00e9 na chrbte, s odolnos\u0165ou proti prepichnutiu a oteru.<\/p>\n","protected":false},"featured_media":326212,"template":"","meta":{"_acf_changed":false,"inline_featured_image":false},"product_brand":[],"product_cat":[2162,2137,2124],"product_tag":[1219],"class_list":{"0":"post-326210","1":"product","2":"type-product","3":"status-publish","4":"has-post-thumbnail","6":"product_cat-macane-bezsvove-rukavice","7":"product_cat-macane-a-povrstvene","8":"product_cat-rukavice","9":"product_tag-ansell","10":"pa_velkost-3051","11":"pa_velkost-3052","12":"pa_velkost-3057","13":"pa_velkost-3058","14":"pa_velkost-3070","16":"first","17":"instock","18":"taxable","19":"shipping-taxable","20":"purchasable","21":"product-type-variable"},"acf":[],"_links":{"self":[{"href":"https:\/\/gajos.sk\/eshop\/wp-json\/wp\/v2\/product\/326210","targetHints":{"allow":["GET"]}}],"collection":[{"href":"https:\/\/gajos.sk\/eshop\/wp-json\/wp\/v2\/product"}],"about":[{"href":"https:\/\/gajos.sk\/eshop\/wp-json\/wp\/v2\/types\/product"}],"wp:featuredmedia":[{"embeddable":true,"href":"https:\/\/gajos.sk\/eshop\/wp-json\/wp\/v2\/media\/326212"}],"wp:attachment":[{"href":"https:\/\/gajos.sk\/eshop\/wp-json\/wp\/v2\/media?parent=326210"}],"wp:term":[{"taxonomy":"product_brand","embeddable":true,"href":"https:\/\/gajos.sk\/eshop\/wp-json\/wp\/v2\/product_brand?post=326210"},{"taxonomy":"product_cat","embeddable":true,"href":"https:\/\/gajos.sk\/eshop\/wp-json\/wp\/v2\/product_cat?post=326210"},{"taxonomy":"product_tag","embeddable":true,"href":"https:\/\/gajos.sk\/eshop\/wp-json\/wp\/v2\/product_tag?post=326210"}],"curies":[{"name":"wp","href":"https:\/\/api.w.org\/{rel}","templated":true}]}}