{"id":325939,"date":"2024-03-01T17:37:21","date_gmt":"2024-03-01T16:37:21","guid":{"rendered":"https:\/\/gajostest.a2hosted.com\/eshop\/lek-131518-celokoz-35cm-rukavice\/"},"modified":"2026-04-15T21:02:21","modified_gmt":"2026-04-15T19:02:21","slug":"lek-131518-celokoz-35cm-rukavice","status":"publish","type":"product","link":"https:\/\/gajos.sk\/eshop\/p\/lek-131518-celokoz-35cm-rukavice\/","title":{"rendered":"LEK 131518 celoko\u017e.35cm rukavice"},"content":{"rendered":"","protected":false},"excerpt":{"rendered":"<p>Rukavice z hov\u00e9z\u00ed \u0161t\u00edpenky, pod\u0161it\u00e9 flanelem, d\u00e9lka 35 cm, 10 &#8211; prstov\u00fd model, horn\u00ed \u010d\u00e1st rukavice bez \u0161v\u016f, certifik\u00e1t: typ sva\u0159ov\u00e1n\u00ed A<\/p>\n","protected":false},"featured_media":325941,"template":"","meta":{"_acf_changed":false,"inline_featured_image":false},"product_brand":[],"product_cat":[2134,2124],"product_tag":[1274],"class_list":{"0":"post-325939","1":"product","2":"type-product","3":"status-publish","4":"has-post-thumbnail","6":"product_cat-celokozene","7":"product_cat-rukavice","8":"product_tag-safeworker","9":"pa_farba-cervena","10":"pa_velkost-3051","12":"first","13":"instock","14":"taxable","15":"shipping-taxable","16":"product-type-variable"},"acf":[],"_links":{"self":[{"href":"https:\/\/gajos.sk\/eshop\/wp-json\/wp\/v2\/product\/325939","targetHints":{"allow":["GET"]}}],"collection":[{"href":"https:\/\/gajos.sk\/eshop\/wp-json\/wp\/v2\/product"}],"about":[{"href":"https:\/\/gajos.sk\/eshop\/wp-json\/wp\/v2\/types\/product"}],"wp:featuredmedia":[{"embeddable":true,"href":"https:\/\/gajos.sk\/eshop\/wp-json\/wp\/v2\/media\/325941"}],"wp:attachment":[{"href":"https:\/\/gajos.sk\/eshop\/wp-json\/wp\/v2\/media?parent=325939"}],"wp:term":[{"taxonomy":"product_brand","embeddable":true,"href":"https:\/\/gajos.sk\/eshop\/wp-json\/wp\/v2\/product_brand?post=325939"},{"taxonomy":"product_cat","embeddable":true,"href":"https:\/\/gajos.sk\/eshop\/wp-json\/wp\/v2\/product_cat?post=325939"},{"taxonomy":"product_tag","embeddable":true,"href":"https:\/\/gajos.sk\/eshop\/wp-json\/wp\/v2\/product_tag?post=325939"}],"curies":[{"name":"wp","href":"https:\/\/api.w.org\/{rel}","templated":true}]}}