{"id":210591,"date":"2023-05-31T08:40:34","date_gmt":"2023-05-31T06:40:34","guid":{"rendered":"https:\/\/gajostest.a2hosted.com\/eshop\/ventil-c-52\/"},"modified":"2026-04-20T08:37:38","modified_gmt":"2026-04-20T06:37:38","slug":"ventil-c-52","status":"publish","type":"product","link":"https:\/\/gajos.sk\/eshop\/p\/ventil-c-52\/","title":{"rendered":"Ventil C 52"},"content":{"rendered":"","protected":false},"excerpt":{"rendered":"<p>Certifikovan\u00fd mosadzn\u00fd hydrantov\u00fd ventil C52 bez polospojky<\/p>\n","protected":false},"featured_media":210592,"template":"","meta":{"_acf_changed":false,"inline_featured_image":false},"product_brand":[],"product_cat":[3512],"product_tag":[],"class_list":{"0":"post-210591","1":"product","2":"type-product","3":"status-publish","4":"has-post-thumbnail","6":"product_cat-ventily","8":"first","9":"instock","10":"taxable","11":"shipping-taxable","12":"purchasable","13":"product-type-simple"},"acf":[],"_links":{"self":[{"href":"https:\/\/gajos.sk\/eshop\/wp-json\/wp\/v2\/product\/210591","targetHints":{"allow":["GET"]}}],"collection":[{"href":"https:\/\/gajos.sk\/eshop\/wp-json\/wp\/v2\/product"}],"about":[{"href":"https:\/\/gajos.sk\/eshop\/wp-json\/wp\/v2\/types\/product"}],"wp:featuredmedia":[{"embeddable":true,"href":"https:\/\/gajos.sk\/eshop\/wp-json\/wp\/v2\/media\/210592"}],"wp:attachment":[{"href":"https:\/\/gajos.sk\/eshop\/wp-json\/wp\/v2\/media?parent=210591"}],"wp:term":[{"taxonomy":"product_brand","embeddable":true,"href":"https:\/\/gajos.sk\/eshop\/wp-json\/wp\/v2\/product_brand?post=210591"},{"taxonomy":"product_cat","embeddable":true,"href":"https:\/\/gajos.sk\/eshop\/wp-json\/wp\/v2\/product_cat?post=210591"},{"taxonomy":"product_tag","embeddable":true,"href":"https:\/\/gajos.sk\/eshop\/wp-json\/wp\/v2\/product_tag?post=210591"}],"curies":[{"name":"wp","href":"https:\/\/api.w.org\/{rel}","templated":true}]}}