{"id":210581,"date":"2023-05-31T08:40:16","date_gmt":"2023-05-31T06:40:16","guid":{"rendered":"https:\/\/gajostest.a2hosted.com\/eshop\/redukcia-k-t-klucu-orech\/"},"modified":"2025-12-04T12:36:34","modified_gmt":"2025-12-04T11:36:34","slug":"redukcia-k-t-klucu-orech","status":"publish","type":"product","link":"https:\/\/gajos.sk\/eshop\/p\/redukcia-k-t-klucu-orech\/","title":{"rendered":"Redukcia k T k\u013e\u00fa\u010du, orech"},"content":{"rendered":"","protected":false},"excerpt":{"rendered":"<p>Redukcia k T-k\u013e\u00fa\u010du podzemn\u00e9ho hydrantu (orech).<\/p>\n<p>V s\u00fa\u010dinnosti s T-k\u013e\u00fa\u010dom s rozmerom 35\u00d735 mm umo\u017e\u0148uje otv\u00e1ra\u0165 hydranty s t\u0155\u0148om 16\u00d716 mm.<\/p>\n","protected":false},"featured_media":210582,"template":"","meta":{"_acf_changed":false,"inline_featured_image":false},"product_brand":[],"product_cat":[3511],"product_tag":[],"class_list":{"0":"post-210581","1":"product","2":"type-product","3":"status-publish","4":"has-post-thumbnail","6":"product_cat-kluce","8":"first","9":"instock","10":"taxable","11":"shipping-taxable","12":"purchasable","13":"product-type-simple"},"acf":[],"_links":{"self":[{"href":"https:\/\/gajos.sk\/eshop\/wp-json\/wp\/v2\/product\/210581","targetHints":{"allow":["GET"]}}],"collection":[{"href":"https:\/\/gajos.sk\/eshop\/wp-json\/wp\/v2\/product"}],"about":[{"href":"https:\/\/gajos.sk\/eshop\/wp-json\/wp\/v2\/types\/product"}],"wp:featuredmedia":[{"embeddable":true,"href":"https:\/\/gajos.sk\/eshop\/wp-json\/wp\/v2\/media\/210582"}],"wp:attachment":[{"href":"https:\/\/gajos.sk\/eshop\/wp-json\/wp\/v2\/media?parent=210581"}],"wp:term":[{"taxonomy":"product_brand","embeddable":true,"href":"https:\/\/gajos.sk\/eshop\/wp-json\/wp\/v2\/product_brand?post=210581"},{"taxonomy":"product_cat","embeddable":true,"href":"https:\/\/gajos.sk\/eshop\/wp-json\/wp\/v2\/product_cat?post=210581"},{"taxonomy":"product_tag","embeddable":true,"href":"https:\/\/gajos.sk\/eshop\/wp-json\/wp\/v2\/product_tag?post=210581"}],"curies":[{"name":"wp","href":"https:\/\/api.w.org\/{rel}","templated":true}]}}