{"id":210497,"date":"2023-05-31T08:38:05","date_gmt":"2023-05-31T06:38:05","guid":{"rendered":"https:\/\/gajostest.a2hosted.com\/eshop\/hasiaci-pristroj-praskovy-2kg\/"},"modified":"2025-09-19T08:18:02","modified_gmt":"2025-09-19T06:18:02","slug":"hasiaci-pristroj-praskovy-2kg","status":"publish","type":"product","link":"https:\/\/gajos.sk\/eshop\/p\/hasiaci-pristroj-praskovy-2kg\/","title":{"rendered":"Hasiaci pr\u00edstroj pr\u00e1\u0161kov\u00fd 2kg"},"content":{"rendered":"","protected":false},"excerpt":{"rendered":"<p>Hasiaci pr\u00edstroj pr\u00e1\u0161kov\u00fd s hasiacou schopnos\u0165ou (13A\u00a0 89B\u00a0 C) s dr\u017eiakom, pre \u013eahk\u00e9 upevnenie na stenu \u010di do automobilu.<\/p>\n<p>Mno\u017estvo hasiacej n\u00e1plne 2 kg, ur\u010den\u00e9 k haseniu po\u017eiarov triedy A, B, C.<\/p>\n<p>Uplatnenie n\u00e1jde v priemysle, doprave, verejn\u00fdch priestranstv\u00e1ch, kancel\u00e1ri\u00e1ch i dom\u00e1cnosti.<\/p>\n<p>\u013dahk\u00e1 manipul\u00e1cia, r\u00fdchla a efekt\u00edvna likvid\u00e1cia za\u010diato\u010dn\u00fdch po\u017eiarov.<\/p>\n<p>Nen\u00e1ro\u010dn\u00fd na skladovanie, ide\u00e1lna v\u00fdbava osobn\u00fdch aj \u00fa\u017eitkov\u00fdch vozidiel, nepostr\u00e1date\u013en\u00fd v dom\u00e1cnosti.<\/p>\n<p>Celkov\u00e1 hmotnos\u0165 PHP 3,8 kg<\/p>\n<table width=\"371\">\n<tbody>\n<tr>\n<th colspan=\"2\">Technick\u00e9 parametre<\/th>\n<\/tr>\n<tr>\n<td>mno\u017estvo hasiacej l\u00e1tky<\/td>\n<td>2Kg<\/td>\n<\/tr>\n<tr>\n<td>hasiaca l\u00e1tka<\/td>\n<td>pr\u00e1\u0161ok Furex PRO<\/td>\n<\/tr>\n<tr>\n<td>hasiaca schopnos\u0165<\/td>\n<td>13A\u00a0 89B\u00a0 C<\/td>\n<\/tr>\n<tr>\n<td>ve\u013ekos\u0165<\/td>\n<td>10 x 34 cm<\/td>\n<\/tr>\n<tr>\n<td>rozsah funk\u010dn\u00fdch tepl\u00f4t<\/td>\n<td>-30\u00b0C\u00a0 \u2013\u00a0 + 60\u00b0C<\/td>\n<\/tr>\n<tr>\n<td>v\u00fdtla\u010dn\u00fd komponent<\/td>\n<td>dus\u00edk<\/td>\n<\/tr>\n<\/tbody>\n<\/table>\n<p>&nbsp;<\/p>\n","protected":false},"featured_media":210498,"template":"","meta":{"_acf_changed":false,"inline_featured_image":false},"product_brand":[],"product_cat":[3493],"product_tag":[3478],"class_list":{"0":"post-210497","1":"product","2":"type-product","3":"status-publish","4":"has-post-thumbnail","6":"product_cat-hasiace-pristroje-a-prislusenstvo","7":"product_tag-htb","9":"first","10":"outofstock","11":"taxable","12":"shipping-taxable","13":"purchasable","14":"product-type-simple"},"acf":[],"_links":{"self":[{"href":"https:\/\/gajos.sk\/eshop\/wp-json\/wp\/v2\/product\/210497","targetHints":{"allow":["GET"]}}],"collection":[{"href":"https:\/\/gajos.sk\/eshop\/wp-json\/wp\/v2\/product"}],"about":[{"href":"https:\/\/gajos.sk\/eshop\/wp-json\/wp\/v2\/types\/product"}],"wp:featuredmedia":[{"embeddable":true,"href":"https:\/\/gajos.sk\/eshop\/wp-json\/wp\/v2\/media\/210498"}],"wp:attachment":[{"href":"https:\/\/gajos.sk\/eshop\/wp-json\/wp\/v2\/media?parent=210497"}],"wp:term":[{"taxonomy":"product_brand","embeddable":true,"href":"https:\/\/gajos.sk\/eshop\/wp-json\/wp\/v2\/product_brand?post=210497"},{"taxonomy":"product_cat","embeddable":true,"href":"https:\/\/gajos.sk\/eshop\/wp-json\/wp\/v2\/product_cat?post=210497"},{"taxonomy":"product_tag","embeddable":true,"href":"https:\/\/gajos.sk\/eshop\/wp-json\/wp\/v2\/product_tag?post=210497"}],"curies":[{"name":"wp","href":"https:\/\/api.w.org\/{rel}","templated":true}]}}