{"id":210460,"date":"2020-11-20T14:26:57","date_gmt":"2020-11-20T13:26:57","guid":{"rendered":"https:\/\/gajostest.a2hosted.com\/eshop\/polohovacie-lano-kratos-fa-40-500-15\/"},"modified":"2025-01-07T16:19:42","modified_gmt":"2025-01-07T15:19:42","slug":"polohovacie-lano-kratos-fa-40-500-15","status":"publish","type":"product","link":"https:\/\/gajos.sk\/eshop\/p\/polohovacie-lano-kratos-fa-40-500-15\/","title":{"rendered":"Polohovacie lano Kratos FA 40 500 15"},"content":{"rendered":"<p>Polohovacie lano Kratos FA 40 500 15\u00a0 s indik\u00e1torom opotrebovania<\/p>\n<ul>\n<li>polyamid, priemer 12 mm<\/li>\n<li>minim\u00e1lne za\u0165a\u017eenie pri pretrhnut\u00ed 22 kN<\/li>\n<li>celkov\u00e1 d\u013a\u017eka 1,5 m<\/li>\n<li>zakon\u010den\u00e9\u00a0 o\u010dkom s o\u010dnicou<\/li>\n<\/ul>\n<p>Pou\u017eitie:<\/p>\n<ul>\n<li>pracovn\u00e9 polohovanie (2)<\/li>\n<li>vymedzenie pracovn\u00e9ho priestoru (4)<\/li>\n<\/ul>\n","protected":false},"excerpt":{"rendered":"<p>Polohovacie lano Kratos FA 40 500 15\u00a0 s indik\u00e1torom opotrebovania polyamid, priemer 12 mm minim\u00e1lne za\u0165a\u017eenie pri pretrhnut\u00ed 22 kN celkov\u00e1 d\u013a\u017eka 1,5 m zakon\u010den\u00e9\u00a0 o\u010dkom s o\u010dnicou Pou\u017eitie: pracovn\u00e9 polohovanie (2) vymedzenie pracovn\u00e9ho priestoru (4)<\/p>\n","protected":false},"featured_media":210462,"template":"","meta":{"_acf_changed":false,"inline_featured_image":false},"product_brand":[],"product_cat":[2575],"product_tag":[3476],"class_list":{"0":"post-210460","1":"product","2":"type-product","3":"status-publish","4":"has-post-thumbnail","6":"product_cat-lanovy-pristup-a-zachrana","7":"product_tag-ardon","8":"pa_farba-biela","10":"first","11":"instock","12":"taxable","13":"shipping-taxable","14":"purchasable","15":"product-type-simple"},"acf":[],"_links":{"self":[{"href":"https:\/\/gajos.sk\/eshop\/wp-json\/wp\/v2\/product\/210460","targetHints":{"allow":["GET"]}}],"collection":[{"href":"https:\/\/gajos.sk\/eshop\/wp-json\/wp\/v2\/product"}],"about":[{"href":"https:\/\/gajos.sk\/eshop\/wp-json\/wp\/v2\/types\/product"}],"wp:featuredmedia":[{"embeddable":true,"href":"https:\/\/gajos.sk\/eshop\/wp-json\/wp\/v2\/media\/210462"}],"wp:attachment":[{"href":"https:\/\/gajos.sk\/eshop\/wp-json\/wp\/v2\/media?parent=210460"}],"wp:term":[{"taxonomy":"product_brand","embeddable":true,"href":"https:\/\/gajos.sk\/eshop\/wp-json\/wp\/v2\/product_brand?post=210460"},{"taxonomy":"product_cat","embeddable":true,"href":"https:\/\/gajos.sk\/eshop\/wp-json\/wp\/v2\/product_cat?post=210460"},{"taxonomy":"product_tag","embeddable":true,"href":"https:\/\/gajos.sk\/eshop\/wp-json\/wp\/v2\/product_tag?post=210460"}],"curies":[{"name":"wp","href":"https:\/\/api.w.org\/{rel}","templated":true}]}}